{"id":6643,"date":"2026-04-20T16:24:55","date_gmt":"2026-04-20T16:24:55","guid":{"rendered":"https:\/\/grupojaguel.com\/?post_type=product&#038;p=6643"},"modified":"2026-04-20T16:24:55","modified_gmt":"2026-04-20T16:24:55","slug":"casa-en-renta-en-residencial-pensiones-iv-en-merida-yucatan","status":"publish","type":"product","link":"https:\/\/grupojaguel.com\/index.php\/producto\/casa-en-renta-en-residencial-pensiones-iv-en-merida-yucatan\/","title":{"rendered":"Casa en renta en Residencial Pensiones IV en M\u00e9rida Yucat\u00e1n"},"content":{"rendered":"<p><iframe loading=\"lazy\" title=\"Casa en renta en Residencial Pensiones IV en M\u00e9rida Yucat\u00e1n\" width=\"500\" height=\"281\" src=\"https:\/\/www.youtube.com\/embed\/Kr37iRcM1fc?feature=oembed\" frameborder=\"0\" allow=\"accelerometer; autoplay; clipboard-write; encrypted-media; gyroscope; picture-in-picture; web-share\" referrerpolicy=\"strict-origin-when-cross-origin\" allowfullscreen><\/iframe><\/p>\n","protected":false},"excerpt":{"rendered":"<p>Casa completamente remodelada en renta en Residencial Pensiones IV en M\u00e9rida Yucat\u00e1n en excelente ubicaci\u00f3n dentro de la ciudad, cerca de un parque y a unas esquinas de Plaza Dorada<\/p>\n<p>La casa es de una planta<\/p>\n<p>Estacionamiento para 1 vehiculo con reja<\/p>\n<p>Sala con ventilador<\/p>\n<p>Comedor con ventilador<\/p>\n<p>Cocina vestida con carpinteria y parrilla con campana<\/p>\n<p>1 recamara principal, aire acondicionado, ventilador, closet y ba\u00f1o completo<\/p>\n<p>1 recamara secundaria, aire acondicionado, ventilador y closet<\/p>\n<p>1 ba\u00f1o completo<\/p>\n<p>Pasillo de servicio amplio<\/p>\n<p>Lavadero techado<\/p>\n<p>Cisterna<\/p>\n<p>Incluye: Agua y recolecci\u00f3n de basura<\/p>\n","protected":false},"featured_media":6644,"comment_status":"open","ping_status":"closed","template":"","meta":[],"product_brand":[],"product_cat":[22,19,18],"product_tag":[218,179,117,190],"class_list":{"0":"post-6643","1":"product","2":"type-product","3":"status-publish","4":"has-post-thumbnail","6":"product_cat-casarenta","7":"product_cat-yucatan","8":"product_cat-yuc-renta","9":"product_tag-alquiler-de-casa","10":"product_tag-bienes-raices-en-merida","11":"product_tag-casa-en-renta","12":"product_tag-renta-de-casa","13":"pa_operacion-rta","14":"pa_recamaras-2rec","15":"pa_tipo-casas","16":"pa_zona-nte","18":"first","19":"instock","20":"shipping-taxable","21":"purchasable","22":"product-type-simple"},"_links":{"self":[{"href":"https:\/\/grupojaguel.com\/index.php\/wp-json\/wp\/v2\/product\/6643","targetHints":{"allow":["GET"]}}],"collection":[{"href":"https:\/\/grupojaguel.com\/index.php\/wp-json\/wp\/v2\/product"}],"about":[{"href":"https:\/\/grupojaguel.com\/index.php\/wp-json\/wp\/v2\/types\/product"}],"replies":[{"embeddable":true,"href":"https:\/\/grupojaguel.com\/index.php\/wp-json\/wp\/v2\/comments?post=6643"}],"wp:featuredmedia":[{"embeddable":true,"href":"https:\/\/grupojaguel.com\/index.php\/wp-json\/wp\/v2\/media\/6644"}],"wp:attachment":[{"href":"https:\/\/grupojaguel.com\/index.php\/wp-json\/wp\/v2\/media?parent=6643"}],"wp:term":[{"taxonomy":"product_brand","embeddable":true,"href":"https:\/\/grupojaguel.com\/index.php\/wp-json\/wp\/v2\/product_brand?post=6643"},{"taxonomy":"product_cat","embeddable":true,"href":"https:\/\/grupojaguel.com\/index.php\/wp-json\/wp\/v2\/product_cat?post=6643"},{"taxonomy":"product_tag","embeddable":true,"href":"https:\/\/grupojaguel.com\/index.php\/wp-json\/wp\/v2\/product_tag?post=6643"}],"curies":[{"name":"wp","href":"https:\/\/api.w.org\/{rel}","templated":true}]}}