{"id":5724,"date":"2025-10-07T21:28:20","date_gmt":"2025-10-07T21:28:20","guid":{"rendered":"https:\/\/grupojaguel.com\/?post_type=product&#038;p=5724"},"modified":"2025-10-07T21:28:20","modified_gmt":"2025-10-07T21:28:20","slug":"terreno-en-venta-en-aristea-en-komchen-yucatan-atras-de-privada-la-rejoyada","status":"publish","type":"product","link":"https:\/\/grupojaguel.com\/index.php\/producto\/terreno-en-venta-en-aristea-en-komchen-yucatan-atras-de-privada-la-rejoyada\/","title":{"rendered":"Terreno en venta en Aristea en Komchen Yucat\u00e1n atr\u00e1s de Privada La rejoyada"},"content":{"rendered":"","protected":false},"excerpt":{"rendered":"<p>Terreno urbanizado en venta ubicado detr\u00e1s de la Rejoyada y a lado del club de polo en Komchen, Yucat\u00e1n. A unos cuantos minutos podr\u00e1s encontrar una amplia variedad de opciones de entretenimiento y recreaci\u00f3n, as\u00ed como todos los servicios que necesitas.<\/p>\n<p>Lote 27<\/p>\n<p>Superficie: 990.75m2<\/p>\n<p>Medidas: 25m de frente por 39.63m de fondo<\/p>\n<p>Figura: levemente irregular<\/p>\n<p>Propiedad privada<\/p>\n<p>CARACTER\u00cdSTICAS:<\/p>\n<ul>\n<li>Luz subterr\u00e1nea<\/li>\n<li>Alumbrado publico<\/li>\n<li>Calle pavimentada<\/li>\n<li>Paisajismo de autor<\/li>\n<li>Camellones en cada calle<\/li>\n<\/ul>\n<p>AMENIDADES:<\/p>\n<ul>\n<li>Canal de joggin<\/li>\n<li>Parque<\/li>\n<li>Juegos infantiles<\/li>\n<li>Gimnasio de calistenia al aire libre<\/li>\n<li>\u00c1rea zen<\/li>\n<\/ul>\n<p>Nota. &#8211; respecto al servicio de CFE cuenta con acometidas se encuentra en tr\u00e1mite de entregar al ayuntamiento.<\/p>\n","protected":false},"featured_media":5725,"comment_status":"open","ping_status":"closed","template":"","meta":[],"product_brand":[],"product_cat":[27,57,19,17],"product_tag":[179,38,183,204,205],"class_list":{"0":"post-5724","1":"product","2":"type-product","3":"status-publish","4":"has-post-thumbnail","6":"product_cat-terrventa","7":"product_cat-yuc-vta-priv","8":"product_cat-yucatan","9":"product_cat-yuc-venta","10":"product_tag-bienes-raices-en-merida","11":"product_tag-terreno-en-venta","12":"product_tag-venta-de-terreno","13":"product_tag-venta-de-terreno-al-norte","14":"product_tag-venta-de-terreno-en-merida","15":"pa_operacion-vta","16":"pa_tipo-priv","17":"pa_tipo-terreno","18":"pa_zona-nte","20":"first","21":"instock","22":"shipping-taxable","23":"purchasable","24":"product-type-simple"},"_links":{"self":[{"href":"https:\/\/grupojaguel.com\/index.php\/wp-json\/wp\/v2\/product\/5724","targetHints":{"allow":["GET"]}}],"collection":[{"href":"https:\/\/grupojaguel.com\/index.php\/wp-json\/wp\/v2\/product"}],"about":[{"href":"https:\/\/grupojaguel.com\/index.php\/wp-json\/wp\/v2\/types\/product"}],"replies":[{"embeddable":true,"href":"https:\/\/grupojaguel.com\/index.php\/wp-json\/wp\/v2\/comments?post=5724"}],"wp:featuredmedia":[{"embeddable":true,"href":"https:\/\/grupojaguel.com\/index.php\/wp-json\/wp\/v2\/media\/5725"}],"wp:attachment":[{"href":"https:\/\/grupojaguel.com\/index.php\/wp-json\/wp\/v2\/media?parent=5724"}],"wp:term":[{"taxonomy":"product_brand","embeddable":true,"href":"https:\/\/grupojaguel.com\/index.php\/wp-json\/wp\/v2\/product_brand?post=5724"},{"taxonomy":"product_cat","embeddable":true,"href":"https:\/\/grupojaguel.com\/index.php\/wp-json\/wp\/v2\/product_cat?post=5724"},{"taxonomy":"product_tag","embeddable":true,"href":"https:\/\/grupojaguel.com\/index.php\/wp-json\/wp\/v2\/product_tag?post=5724"}],"curies":[{"name":"wp","href":"https:\/\/api.w.org\/{rel}","templated":true}]}}