{"id":5550,"date":"2025-06-24T23:54:01","date_gmt":"2025-06-24T23:54:01","guid":{"rendered":"https:\/\/grupojaguel.com\/?post_type=product&#038;p=5550"},"modified":"2025-06-24T23:54:01","modified_gmt":"2025-06-24T23:54:01","slug":"casa-en-venta-en-playa-san-crisanto-en-playas-de-yucatan","status":"publish","type":"product","link":"https:\/\/grupojaguel.com\/index.php\/producto\/casa-en-venta-en-playa-san-crisanto-en-playas-de-yucatan\/","title":{"rendered":"Casa en venta en Playa San Crisanto en playas de Yucat\u00e1n"},"content":{"rendered":"","protected":false},"excerpt":{"rendered":"<p>Casa en venta de una planta en las tranquilas playas de San Crisanto, casa Manglar es un proyecto encantador ubicada en un para\u00edso costero, donde se respira la paz y la calma, con sus playas de arena fina y mar cristalino, es el escape perfecto del bullicio urbano, permite disfrutar de la belleza natural sin renunciar a la comodidad de la cercan\u00eda con la ciudad. La casa nos ofrece una hermosa vista a la cienega y rodeado de la naturaleza y a 300m de la playa.<\/p>\n<p>Terreno: 435.15m<\/p>\n<p>Construcci\u00f3n: 183m<\/p>\n<p>Medidas: 15m de frente por 29m de fondo<\/p>\n<p>Cochera para dos veh\u00edculos.<\/p>\n<p>Amplia Cocina-comedor equipada con vista a la alberca y al patio. Desde la cocina se puede apreciar un bello cuerpo de agua. En la parte de arriba de la cocina hay un rooftop techado con bajareque que funciona como una sala exterior.<\/p>\n<p>Primera rec\u00e1mara cuenta con una peque\u00f1a \u00e1rea social y ba\u00f1o propio (existe la posibilidad de cambiar la entrada de la misma para que sea externa y sea completamente independiente del resto de la casa),<\/p>\n<p>Segunda recamara cuenta con ba\u00f1o propio y acceso directo a la alberca.<\/p>\n<p>Tercera recamara comparte un ba\u00f1o con las visitas y cuenta tambi\u00e9n con acceso directo a la alberca.<\/p>\n<p>La alberca en forma de L que rodea la propiedad y est\u00e1 dise\u00f1ado como un carril de nado y tambi\u00e9n un \u00e1rea de descanso tipo jacuzzi.<\/p>\n<p>La Casa se entrega con hidroneum\u00e1tico, calentador de agua, horno y parrilla de gas, tanque estacionario, campana extractora, se entrega con climas inverter en las tres recamaras y clima en la cocina, mosquiteros en todas las ventanas. La Alberca se entrega con sistema de filtrado.<\/p>\n<p>Forma de pago: Recursos propios y cr\u00e9dito bancario.<\/p>\n<p>Libre de gravamen<\/p>\n","protected":false},"featured_media":5551,"comment_status":"open","ping_status":"closed","template":"","meta":[],"product_brand":[],"product_cat":[73,19,17],"product_tag":[179,40,173,223],"class_list":{"0":"post-5550","1":"product","2":"type-product","3":"status-publish","4":"has-post-thumbnail","6":"product_cat-yuc-pya-vta","7":"product_cat-yucatan","8":"product_cat-yuc-venta","9":"product_tag-bienes-raices-en-merida","10":"product_tag-casa-en-venta","11":"product_tag-casa-en-venta-en-la-playa","12":"product_tag-casa-en-venta-en-san-crisanto","13":"pa_operacion-vta","14":"pa_recamaras-3rec","15":"pa_tipo-casas","16":"pa_tipo-en-playa","17":"pa_zona-ote","19":"first","20":"instock","21":"shipping-taxable","22":"purchasable","23":"product-type-simple"},"_links":{"self":[{"href":"https:\/\/grupojaguel.com\/index.php\/wp-json\/wp\/v2\/product\/5550","targetHints":{"allow":["GET"]}}],"collection":[{"href":"https:\/\/grupojaguel.com\/index.php\/wp-json\/wp\/v2\/product"}],"about":[{"href":"https:\/\/grupojaguel.com\/index.php\/wp-json\/wp\/v2\/types\/product"}],"replies":[{"embeddable":true,"href":"https:\/\/grupojaguel.com\/index.php\/wp-json\/wp\/v2\/comments?post=5550"}],"wp:featuredmedia":[{"embeddable":true,"href":"https:\/\/grupojaguel.com\/index.php\/wp-json\/wp\/v2\/media\/5551"}],"wp:attachment":[{"href":"https:\/\/grupojaguel.com\/index.php\/wp-json\/wp\/v2\/media?parent=5550"}],"wp:term":[{"taxonomy":"product_brand","embeddable":true,"href":"https:\/\/grupojaguel.com\/index.php\/wp-json\/wp\/v2\/product_brand?post=5550"},{"taxonomy":"product_cat","embeddable":true,"href":"https:\/\/grupojaguel.com\/index.php\/wp-json\/wp\/v2\/product_cat?post=5550"},{"taxonomy":"product_tag","embeddable":true,"href":"https:\/\/grupojaguel.com\/index.php\/wp-json\/wp\/v2\/product_tag?post=5550"}],"curies":[{"name":"wp","href":"https:\/\/api.w.org\/{rel}","templated":true}]}}