{"id":5445,"date":"2025-05-12T22:36:48","date_gmt":"2025-05-12T22:36:48","guid":{"rendered":"https:\/\/grupojaguel.com\/?post_type=product&#038;p=5445"},"modified":"2025-05-12T22:36:48","modified_gmt":"2025-05-12T22:36:48","slug":"casa-en-venta-en-la-jesus-carranza-en-merida-yucatan","status":"publish","type":"product","link":"https:\/\/grupojaguel.com\/index.php\/producto\/casa-en-venta-en-la-jesus-carranza-en-merida-yucatan\/","title":{"rendered":"Casa en venta en la Jes\u00fas Carranza en M\u00e9rida Yucat\u00e1n"},"content":{"rendered":"","protected":false},"excerpt":{"rendered":"<p>Casa de una planta en venta con dise\u00f1o elegante y atemporal de techos altos en el Barrio de Jes\u00fas Carranza una buena opci\u00f3n para vivir en M\u00e9rida, ya que se encuentra muy cerca del centro hist\u00f3rico, pero a la vez en una tranquila zona residencial cerca de \u201cPaseo de Montejo\u201d y a solo 5 minutos del nuevo parque \u201cLa plancha\u201d convirti\u00e9ndola como la mejor zona para invertir en el centro de M\u00e9rida.<\/p>\n<p>Son 2 casas una a lado de otra<\/p>\n<p>Casa 1:<\/p>\n<p>Terreno: 258.53m2<\/p>\n<p>Construcci\u00f3n: 145.59m2<\/p>\n<p>\u00c1rea libre: 42.93%<\/p>\n<p>Casa 2:<\/p>\n<p>Terreno: 255.71m2<\/p>\n<p>Construcci\u00f3n: 140.30m2<\/p>\n<p>\u00c1rea libre: 43.20%<\/p>\n<p>Cada una cuesta $7.4mdp<\/p>\n<p>Estacionamiento para auto<\/p>\n<p>Estancia<\/p>\n<p>Comedor<\/p>\n<p>Cocina<\/p>\n<p>Cuarto de lavado<\/p>\n<p>Alacena<\/p>\n<p>Ba\u00f1o de visita<\/p>\n<p>Patio<\/p>\n<p>Piscina<\/p>\n<p>2 habitaciones con ba\u00f1o completo<\/p>\n<p>EQUIPAMIENTO:<\/p>\n<p>Agua potable; Gas estacionario; Estufa con Campana (extractor); Barra de cocina con m\u00e1rmol; Closets de carpinter\u00eda con ratt\u00e1n; Aire acondicionado; Ventiladores; Sistema hidr\u00e1ulico y filtro de alberca; Grifer\u00eda; Lavadero.<\/p>\n<p>M\u00c9TODO DE PAGO:<\/p>\n<p>Apartado: $30,000.00 (En caso de solicitud de devoluci\u00f3n el proceso de reembolso tiene una espera estimada no mayor a 45 d\u00edas naturales)<\/p>\n<p>Enganche: 30% del valor total (promesa)<\/p>\n<p>Formas de pago: Recurso propio, cr\u00e9ditos bancarios e infonavit<\/p>\n<p>La informaci\u00f3n y el precio de esta propiedad est\u00e1n sujetos a cambios sin previo aviso. Las im\u00e1genes y caracter\u00edsticas son representaciones generales del bien son para fines ilustrativos y no necesariamente reflejan la condici\u00f3n actual del mismo, no incluye mobiliario, equipo, decoraci\u00f3n, vegetaci\u00f3n ni veh\u00edculos. Se recomienda verificar la informaci\u00f3n de forma directa antes de realizar cualquier transacci\u00f3n. En conformidad a lo establecido en la NOM-247-2021 el precio total reflejado se ve determinado en funci\u00f3n de los montos variables de conceptos notariales, de cr\u00e9dito, dichos deber\u00e1n ser consultados con la inmobiliaria o por medio de sus consultores de conformidad a la NOM-247-2021<\/p>\n","protected":false},"featured_media":5446,"comment_status":"open","ping_status":"closed","template":"","meta":[],"product_brand":[],"product_cat":[21,19,17],"product_tag":[40,168,221,178,166,209],"class_list":{"0":"post-5445","1":"product","2":"type-product","3":"status-publish","4":"has-post-thumbnail","6":"product_cat-casas","7":"product_cat-yucatan","8":"product_cat-yuc-venta","9":"product_tag-casa-en-venta","10":"product_tag-casa-en-venta-en-merida","11":"product_tag-inversiones-inmobiliarias","12":"product_tag-invertir-en-bienes-raices","13":"product_tag-venta-de-casa","14":"product_tag-venta-de-casa-en-merida","15":"pa_operacion-vta","16":"pa_recamaras-2rec","17":"pa_tipo-casas","18":"pa_zona-ctro","19":"pa_zona-nte","21":"first","22":"instock","23":"shipping-taxable","24":"purchasable","25":"product-type-simple"},"_links":{"self":[{"href":"https:\/\/grupojaguel.com\/index.php\/wp-json\/wp\/v2\/product\/5445","targetHints":{"allow":["GET"]}}],"collection":[{"href":"https:\/\/grupojaguel.com\/index.php\/wp-json\/wp\/v2\/product"}],"about":[{"href":"https:\/\/grupojaguel.com\/index.php\/wp-json\/wp\/v2\/types\/product"}],"replies":[{"embeddable":true,"href":"https:\/\/grupojaguel.com\/index.php\/wp-json\/wp\/v2\/comments?post=5445"}],"wp:featuredmedia":[{"embeddable":true,"href":"https:\/\/grupojaguel.com\/index.php\/wp-json\/wp\/v2\/media\/5446"}],"wp:attachment":[{"href":"https:\/\/grupojaguel.com\/index.php\/wp-json\/wp\/v2\/media?parent=5445"}],"wp:term":[{"taxonomy":"product_brand","embeddable":true,"href":"https:\/\/grupojaguel.com\/index.php\/wp-json\/wp\/v2\/product_brand?post=5445"},{"taxonomy":"product_cat","embeddable":true,"href":"https:\/\/grupojaguel.com\/index.php\/wp-json\/wp\/v2\/product_cat?post=5445"},{"taxonomy":"product_tag","embeddable":true,"href":"https:\/\/grupojaguel.com\/index.php\/wp-json\/wp\/v2\/product_tag?post=5445"}],"curies":[{"name":"wp","href":"https:\/\/api.w.org\/{rel}","templated":true}]}}