{"id":5395,"date":"2025-05-12T19:56:41","date_gmt":"2025-05-12T19:56:41","guid":{"rendered":"https:\/\/grupojaguel.com\/?post_type=product&#038;p=5395"},"modified":"2025-05-12T19:56:41","modified_gmt":"2025-05-12T19:56:41","slug":"casa-en-venta-en-temozon-norte-en-merida-yucatan-zona-norte-2","status":"publish","type":"product","link":"https:\/\/grupojaguel.com\/index.php\/producto\/casa-en-venta-en-temozon-norte-en-merida-yucatan-zona-norte-2\/","title":{"rendered":"Casa en venta en Temoz\u00f3n Norte en M\u00e9rida Yucat\u00e1n zona norte"},"content":{"rendered":"","protected":false},"excerpt":{"rendered":"<p>Casa nueva con acabados de lujo en venta en Temoz\u00f3n Norte en excelente ubicaci\u00f3n en la zona de m\u00e1s alta plusval\u00eda, residencial, segura, tranquila y familiar<\/p>\n<p>Consta de:<\/p>\n<p>Terreno: 344m2<\/p>\n<p>Construcci\u00f3n: 350m2 \u00a0(320m2 techada)<\/p>\n<p>Medidas: 11m de frente por 31.50m de fondo<\/p>\n<p>PLANTA BAJA<\/p>\n<p>Cochera para 4 veh\u00edculos (2 techados).<\/p>\n<p>Sala doble altura.<\/p>\n<p>Medio ba\u00f1o<\/p>\n<p>Cocina vestida con isla, alacena<\/p>\n<p>1 recamara con closet vestidor y ba\u00f1o completo<\/p>\n<p>Terraza techada<\/p>\n<p>Amplia piscina.<\/p>\n<p>Cuarto de lavado y servicio<\/p>\n<p>Cuarto de servicio con ba\u00f1o incluido.<\/p>\n<p>Tendedero; \u00c1rea de m\u00e1quinas.<\/p>\n<p>Pasillo al jard\u00edn.<\/p>\n<p>PLANTA ALTA<\/p>\n<p>Recamara principal con ba\u00f1o y amplio closet vestidor.<\/p>\n<p>2 recamaras con ba\u00f1o y closet vestidor c\/u<\/p>\n<p>Pasillo con vista a la sala.<\/p>\n<p>Amplia terraza.<\/p>\n<p>Se apartada con $50,000 (Devolutivo en un lapso de 45 d\u00edas.)<\/p>\n<p>Enganche del 30% (promesa de compraventa)<\/p>\n<p>Se acepta: recurso propio y bancario<\/p>\n<p>La informaci\u00f3n y el precio de esta propiedad est\u00e1n sujetos a cambios sin previo aviso. Las im\u00e1genes y caracter\u00edsticas son representaciones generales del bien son para fines ilustrativos y no necesariamente reflejan la condici\u00f3n actual del mismo, no incluye mobiliario, equipo, decoraci\u00f3n, vegetaci\u00f3n ni veh\u00edculos. Se recomienda verificar la informaci\u00f3n de forma directa antes de realizar cualquier transacci\u00f3n. En conformidad a lo establecido en la NOM-247-2021 el precio total reflejado se ve determinado en funci\u00f3n de los montos variables de conceptos notariales, de cr\u00e9dito, dichos deber\u00e1n ser consultados con la inmobiliaria o por medio de sus consultores de conformidad a la NOM-247-2021<\/p>\n","protected":false},"featured_media":5396,"comment_status":"open","ping_status":"closed","template":"","meta":[],"product_brand":[],"product_cat":[21,19,17],"product_tag":[179,40,153,168],"class_list":{"0":"post-5395","1":"product","2":"type-product","3":"status-publish","4":"has-post-thumbnail","6":"product_cat-casas","7":"product_cat-yucatan","8":"product_cat-yuc-venta","9":"product_tag-bienes-raices-en-merida","10":"product_tag-casa-en-venta","11":"product_tag-casa-en-venta-al-norte","12":"product_tag-casa-en-venta-en-merida","13":"pa_operacion-vta","14":"pa_recamaras-4rec","15":"pa_tipo-casas","16":"pa_zona-nte","18":"first","19":"instock","20":"shipping-taxable","21":"purchasable","22":"product-type-simple"},"_links":{"self":[{"href":"https:\/\/grupojaguel.com\/index.php\/wp-json\/wp\/v2\/product\/5395","targetHints":{"allow":["GET"]}}],"collection":[{"href":"https:\/\/grupojaguel.com\/index.php\/wp-json\/wp\/v2\/product"}],"about":[{"href":"https:\/\/grupojaguel.com\/index.php\/wp-json\/wp\/v2\/types\/product"}],"replies":[{"embeddable":true,"href":"https:\/\/grupojaguel.com\/index.php\/wp-json\/wp\/v2\/comments?post=5395"}],"wp:featuredmedia":[{"embeddable":true,"href":"https:\/\/grupojaguel.com\/index.php\/wp-json\/wp\/v2\/media\/5396"}],"wp:attachment":[{"href":"https:\/\/grupojaguel.com\/index.php\/wp-json\/wp\/v2\/media?parent=5395"}],"wp:term":[{"taxonomy":"product_brand","embeddable":true,"href":"https:\/\/grupojaguel.com\/index.php\/wp-json\/wp\/v2\/product_brand?post=5395"},{"taxonomy":"product_cat","embeddable":true,"href":"https:\/\/grupojaguel.com\/index.php\/wp-json\/wp\/v2\/product_cat?post=5395"},{"taxonomy":"product_tag","embeddable":true,"href":"https:\/\/grupojaguel.com\/index.php\/wp-json\/wp\/v2\/product_tag?post=5395"}],"curies":[{"name":"wp","href":"https:\/\/api.w.org\/{rel}","templated":true}]}}