{"id":5371,"date":"2025-05-08T00:17:03","date_gmt":"2025-05-08T00:17:03","guid":{"rendered":"https:\/\/grupojaguel.com\/?post_type=product&#038;p=5371"},"modified":"2025-05-08T00:17:03","modified_gmt":"2025-05-08T00:17:03","slug":"bodega-con-oficinas-en-venta-en-chuburna-en-merida-yucatan","status":"publish","type":"product","link":"https:\/\/grupojaguel.com\/index.php\/producto\/bodega-con-oficinas-en-venta-en-chuburna-en-merida-yucatan\/","title":{"rendered":"Bodega con Oficinas en venta en Chuburn\u00e1 en M\u00e9rida Yucat\u00e1n"},"content":{"rendered":"<p><iframe loading=\"lazy\" title=\"Bodega con Oficinas en venta en Chuburn\u00e1 en M\u00e9rida Yucat\u00e1n\" width=\"500\" height=\"281\" src=\"https:\/\/www.youtube.com\/embed\/adCXm8qErc4?feature=oembed\" frameborder=\"0\" allow=\"accelerometer; autoplay; clipboard-write; encrypted-media; gyroscope; picture-in-picture; web-share\" referrerpolicy=\"strict-origin-when-cross-origin\" allowfullscreen><\/iframe><\/p>\n","protected":false},"excerpt":{"rendered":"<p>Bodega con Oficinas en venta en Chuburna en una ubicaci\u00f3n excepcional, se encuentra en el coraz\u00f3n de la ciudad a 2 cuadras de la Calle 60, cerca tienda de conveniencia, comercios y supermercados y del tecnol\u00f3gico.<\/p>\n<p>La propiedad consta de:<\/p>\n<p>Superficie: 737.38m2<\/p>\n<p>Construcci\u00f3n: 599.86m2<\/p>\n<p>Dividido la construcci\u00f3n de la siguiente manera:<\/p>\n<p>Oficinas en 2 plantas: 196.95m2<\/p>\n<p>Techo para veh\u00edculos: 40.91m2<\/p>\n<p>Bodega: 362m2<\/p>\n<p>Medidas del terreno: 11.20 de frente por 66.20m de figura regular<\/p>\n<p><strong>OFICINAS:<\/strong><\/p>\n<p>PLANTA BAJA<\/p>\n<p>Estacionamiento para 5 veh\u00edculos con reja de acceso<\/p>\n<p>1 medio ba\u00f1o<\/p>\n<p>4 oficinas de buen tama\u00f1o<\/p>\n<p>1 bodega<\/p>\n<p>PLANTA ALTA<\/p>\n<p>2 Oficinas<\/p>\n<p>1 medio ba\u00f1o<\/p>\n<p>Sala de Juntas<\/p>\n<p>Comedor<\/p>\n<p><strong>BODEGA o TALLER:<\/strong><\/p>\n<p>Altura de 5m aprox<\/p>\n<p>Oficina<\/p>\n<p>Ba\u00f1o para el personal<\/p>\n<p>Bodega<\/p>\n<p>Nota.- la propiedad cuenta con c\u00e1maras de vigilancia<\/p>\n<p>La informaci\u00f3n y el precio de esta propiedad est\u00e1n sujetos a cambios sin previo aviso. Las im\u00e1genes y caracter\u00edsticas son representaciones generales del bien son para fines ilustrativos y no necesariamente reflejan la condici\u00f3n actual del mismo, no incluye mobiliario, equipo, decoraci\u00f3n, vegetaci\u00f3n ni veh\u00edculos. Se recomienda verificar la informaci\u00f3n de forma directa antes de realizar cualquier transacci\u00f3n. En conformidad a lo establecido en la NOM-247-2021 el precio total reflejado se ve determinado en funci\u00f3n de los montos variables de conceptos notariales, de cr\u00e9dito, dichos deber\u00e1n ser consultados con la inmobiliaria o por medio de sus consultores de conformidad a la NOM-247-2021<\/p>\n","protected":false},"featured_media":5372,"comment_status":"open","ping_status":"closed","template":"","meta":[],"product_brand":[],"product_cat":[26,19,17],"product_tag":[179,158,220,157,219,221],"class_list":{"0":"post-5371","1":"product","2":"type-product","3":"status-publish","4":"has-post-thumbnail","6":"product_cat-comventa","7":"product_cat-yucatan","8":"product_cat-yuc-venta","9":"product_tag-bienes-raices-en-merida","10":"product_tag-bodega-comercial-en-venta","11":"product_tag-bodega-comercial-en-venta-en-merida","12":"product_tag-bodega-en-venta","13":"product_tag-bodega-en-venta-en-merida","14":"product_tag-inversiones-inmobiliarias","15":"pa_com-bodegas","16":"pa_com-oficinas","17":"pa_operacion-vta","18":"pa_tipo-propiedades-comerciales","19":"pa_zona-pte","21":"first","22":"instock","23":"shipping-taxable","24":"purchasable","25":"product-type-simple"},"_links":{"self":[{"href":"https:\/\/grupojaguel.com\/index.php\/wp-json\/wp\/v2\/product\/5371","targetHints":{"allow":["GET"]}}],"collection":[{"href":"https:\/\/grupojaguel.com\/index.php\/wp-json\/wp\/v2\/product"}],"about":[{"href":"https:\/\/grupojaguel.com\/index.php\/wp-json\/wp\/v2\/types\/product"}],"replies":[{"embeddable":true,"href":"https:\/\/grupojaguel.com\/index.php\/wp-json\/wp\/v2\/comments?post=5371"}],"wp:featuredmedia":[{"embeddable":true,"href":"https:\/\/grupojaguel.com\/index.php\/wp-json\/wp\/v2\/media\/5372"}],"wp:attachment":[{"href":"https:\/\/grupojaguel.com\/index.php\/wp-json\/wp\/v2\/media?parent=5371"}],"wp:term":[{"taxonomy":"product_brand","embeddable":true,"href":"https:\/\/grupojaguel.com\/index.php\/wp-json\/wp\/v2\/product_brand?post=5371"},{"taxonomy":"product_cat","embeddable":true,"href":"https:\/\/grupojaguel.com\/index.php\/wp-json\/wp\/v2\/product_cat?post=5371"},{"taxonomy":"product_tag","embeddable":true,"href":"https:\/\/grupojaguel.com\/index.php\/wp-json\/wp\/v2\/product_tag?post=5371"}],"curies":[{"name":"wp","href":"https:\/\/api.w.org\/{rel}","templated":true}]}}