{"id":3544,"date":"2022-11-10T21:44:27","date_gmt":"2022-11-10T21:44:27","guid":{"rendered":"https:\/\/grupojaguel.com\/?post_type=product&#038;p=3544"},"modified":"2025-05-27T15:02:37","modified_gmt":"2025-05-27T15:02:37","slug":"casa-en-venta-en-colonia-miguel-aleman-en-merida-yucatan-en-avenida-y-esquina-zona-norte","status":"publish","type":"product","link":"https:\/\/grupojaguel.com\/index.php\/producto\/casa-en-venta-en-colonia-miguel-aleman-en-merida-yucatan-en-avenida-y-esquina-zona-norte\/","title":{"rendered":"Casa en venta en colonia Miguel Alem\u00e1n en M\u00e9rida Yucat\u00e1n en avenida y esquina zona norte."},"content":{"rendered":"<p><iframe loading=\"lazy\" title=\"Casa en venta en colonia Miguel Alem\u00e1n en M\u00e9rida Yucat\u00e1n en avenida y esquina zona norte.\" width=\"500\" height=\"281\" src=\"https:\/\/www.youtube.com\/embed\/aKv8QkE9E1M?feature=oembed\" frameborder=\"0\" allow=\"accelerometer; autoplay; clipboard-write; encrypted-media; gyroscope; picture-in-picture; web-share\" referrerpolicy=\"strict-origin-when-cross-origin\" allowfullscreen><\/iframe><\/p>\n","protected":false},"excerpt":{"rendered":"<p>Casa en venta en privilegiada ubicaci\u00f3n sobre avenida y en esquina en la emblem\u00e1tica colonia Miguel Alem\u00e1n dentro de la ciudad de M\u00e9rida Yucat\u00e1n en zona residencial de alta plusval\u00eda al norte, ideal para casa residencial o para uso comercial.<\/p>\n<p>&nbsp;<\/p>\n<p>La casa es de 2 plantas y consta de:<\/p>\n<p>Superficie: 827.82m2<\/p>\n<p>Construcci\u00f3n: 745.03m2<\/p>\n<p>Medidas: 25m de frente por 32m de fondo<\/p>\n<p>Figura: ligeramente irregular<\/p>\n<p>&nbsp;<\/p>\n<p>PLANTA BAJA<\/p>\n<p>Bar exterior<\/p>\n<p>Sala<\/p>\n<p>Comedor<\/p>\n<p>2 Cocinas<\/p>\n<p>1 recamara<\/p>\n<p>1 ba\u00f1o<\/p>\n<p>Bodegas<\/p>\n<p>Ba\u00f1o para el \u00e1rea de piscina<\/p>\n<p>Piscina muy amplia techada toda<\/p>\n<p>PLANTA ALTA<\/p>\n<p>1 recamara con \u00e1rea de closet con ba\u00f1o completo<\/p>\n<p>1 recamara con \u00e1rea de closet y con espacio para ba\u00f1o<\/p>\n<p>1 recamara con closet vestidor y con espacio para ba\u00f1o<\/p>\n<p>Terraza amplia.<\/p>\n","protected":false},"featured_media":3561,"comment_status":"open","ping_status":"closed","template":"","meta":[],"product_brand":[],"product_cat":[21,26,19,17],"product_tag":[145,40,153,156],"class_list":{"0":"post-3544","1":"product","2":"type-product","3":"status-publish","4":"has-post-thumbnail","6":"product_cat-casas","7":"product_cat-comventa","8":"product_cat-yucatan","9":"product_cat-yuc-venta","10":"product_tag-bienes-raices-merida","11":"product_tag-casa-en-venta","12":"product_tag-casa-en-venta-al-norte","13":"product_tag-terreno-comercial","14":"pa_com-oficinas","15":"pa_operacion-vta","16":"pa_recamaras-5-recamaras","17":"pa_tipo-casas","18":"pa_tipo-propiedades-comerciales","19":"pa_zona-nte","21":"first","22":"instock","23":"shipping-taxable","24":"purchasable","25":"product-type-simple"},"_links":{"self":[{"href":"https:\/\/grupojaguel.com\/index.php\/wp-json\/wp\/v2\/product\/3544","targetHints":{"allow":["GET"]}}],"collection":[{"href":"https:\/\/grupojaguel.com\/index.php\/wp-json\/wp\/v2\/product"}],"about":[{"href":"https:\/\/grupojaguel.com\/index.php\/wp-json\/wp\/v2\/types\/product"}],"replies":[{"embeddable":true,"href":"https:\/\/grupojaguel.com\/index.php\/wp-json\/wp\/v2\/comments?post=3544"}],"wp:featuredmedia":[{"embeddable":true,"href":"https:\/\/grupojaguel.com\/index.php\/wp-json\/wp\/v2\/media\/3561"}],"wp:attachment":[{"href":"https:\/\/grupojaguel.com\/index.php\/wp-json\/wp\/v2\/media?parent=3544"}],"wp:term":[{"taxonomy":"product_brand","embeddable":true,"href":"https:\/\/grupojaguel.com\/index.php\/wp-json\/wp\/v2\/product_brand?post=3544"},{"taxonomy":"product_cat","embeddable":true,"href":"https:\/\/grupojaguel.com\/index.php\/wp-json\/wp\/v2\/product_cat?post=3544"},{"taxonomy":"product_tag","embeddable":true,"href":"https:\/\/grupojaguel.com\/index.php\/wp-json\/wp\/v2\/product_tag?post=3544"}],"curies":[{"name":"wp","href":"https:\/\/api.w.org\/{rel}","templated":true}]}}

Casa en venta en colonia Miguel Alemán en Mérida Yucatán en avenida y esquina zona norte.

<p><iframe loading="lazy" title="Casa en venta en colonia Miguel Alemán en Mérida Yucatán en avenida y esquina zona norte." width="500" height="281" src="https://www.youtube.com/embed/aKv8QkE9E1M?feature=oembed" frameborder="0" allow="accelerometer; autoplay; clipboard-write; encrypted-media; gyroscope; picture-in-picture; web-share" referrerpolicy="strict-origin-when-cross-origin" allowfullscreen></iframe></p>

<p>Casa en venta en privilegiada ubicación sobre avenida y en esquina en la emblemática colonia Miguel Alemán dentro de la ciudad de Mérida Yucatán en zona residencial de alta plusvalía al norte, ideal para casa residencial o para uso comercial.</p>
<p>&nbsp;</p>
<p>La casa es de 2 plantas y consta de:</p>
<p>Superficie: 827.82m2</p>
<p>Construcción: 745.03m2</p>
<p>Medidas: 25m de frente por 32m de fondo</p>
<p>Figura: ligeramente irregular</p>
<p>&nbsp;</p>
<p>PLANTA BAJA</p>
<p>Bar exterior</p>
<p>Sala</p>
<p>Comedor</p>
<p>2 Cocinas</p>
<p>1 recamara</p>
<p>1 baño</p>
<p>Bodegas</p>
<p>Baño para el área de piscina</p>
<p>Piscina muy amplia techada toda</p>
<p>PLANTA ALTA</p>
<p>1 recamara con área de closet con baño completo</p>
<p>1 recamara con área de closet y con espacio para baño</p>
<p>1 recamara con closet vestidor y con espacio para baño</p>
<p>Terraza amplia.</p>
