{"id":2370,"date":"2021-06-30T19:07:11","date_gmt":"2021-06-30T19:07:11","guid":{"rendered":"https:\/\/grupojaguel.com\/?post_type=product&#038;p=2370"},"modified":"2026-03-20T05:20:32","modified_gmt":"2026-03-20T05:20:32","slug":"terreno-en-venta-a-pie-de-periferico-sur-de-la-ciudad-de-merida-yucatan","status":"publish","type":"product","link":"https:\/\/grupojaguel.com\/index.php\/producto\/terreno-en-venta-a-pie-de-periferico-sur-de-la-ciudad-de-merida-yucatan\/","title":{"rendered":"Terreno en venta a pie de perif\u00e9rico sur de la ciudad de M\u00e9rida Yucat\u00e1n"},"content":{"rendered":"","protected":false},"excerpt":{"rendered":"<p>Terreno en venta en la zona sur de la Ciudad de M\u00e9rida, listo para poner alg\u00fan comercio, casas o negocio, ya que cuenta con una privilegiada ubicaci\u00f3n a pie de orilla de perif\u00e9rico a la altura de Dzununcan, es un terreno que se encuentra ubicado en esquina, cuenta con una bodega, servicio de luz y agua, en sus alrededores cuenta con varios comercios como Talleres, maderer\u00eda, Naves comerciales.<\/p>\n<p>\u00danico propietario y sin adeudos listo para escriturar<\/p>\n<p>El terreno cuenta con 3 lotes<br \/>\n1.- Frente a pie de perif\u00e9rico de 20m por fondo 60m2 terreno semiregular<br \/>\n2.- Frente a pie de perif\u00e9rico de 20m por fondo 60.60m2 terreno semiregular<br \/>\n3.- Forma de L frente de 19.78 a pie de perif\u00e9rico y termina en 72.72m2 y de fondo se tiene 97.68m2 superficie: 3,848.63m2<\/p>\n<p>Total de los 3 lotes son 5,915.34m2<br \/>\nMedidas:<br \/>\nFrente inicia 59.78m y termina 72.72m este es sobre perif\u00e9rico<br \/>\nFondo de un lado 101.38m y del otro 91.04m<\/p>\n<p>*En conformidad a lo establecido en la NOM-247-2021 el precio total reflejado se ve determinado en funci\u00f3n de los montos variables de conceptos notariales, de cr\u00e9dito, dichos deber\u00e1n ser consultados con la inmobiliaria o por medio de sus consultores de conformidad a la NOM-247-2021*<\/p>\n<p>*Est\u00e1 sujeto a cambio de precio sin previo aviso<\/p>\n<p>* Las im\u00e1genes son para fines ilustrativos, el producto final podr\u00e1 variar, no incluye mobiliario, equipo, decoraci\u00f3n, vegetaci\u00f3n ni veh\u00edculos.<\/p>\n<p>&nbsp;<\/p>\n","protected":false},"featured_media":2384,"comment_status":"open","ping_status":"closed","template":"","meta":[],"product_brand":[],"product_cat":[26,27,19,17],"product_tag":[32,39,30,105,38],"class_list":{"0":"post-2370","1":"product","2":"type-product","3":"status-publish","4":"has-post-thumbnail","6":"product_cat-comventa","7":"product_cat-terrventa","8":"product_cat-yucatan","9":"product_cat-yuc-venta","10":"product_tag-agencia-inmobiliaria","11":"product_tag-comprar-terreno","12":"product_tag-inmobiliaria","13":"product_tag-propiedades-de-inversion-en-venta","14":"product_tag-terreno-en-venta","15":"pa_com-terrenos","16":"pa_operacion-vta","17":"pa_tipo-propiedades-comerciales","18":"pa_tipo-terreno","19":"pa_zona-sur","21":"first","22":"instock","23":"shipping-taxable","24":"purchasable","25":"product-type-simple"},"_links":{"self":[{"href":"https:\/\/grupojaguel.com\/index.php\/wp-json\/wp\/v2\/product\/2370","targetHints":{"allow":["GET"]}}],"collection":[{"href":"https:\/\/grupojaguel.com\/index.php\/wp-json\/wp\/v2\/product"}],"about":[{"href":"https:\/\/grupojaguel.com\/index.php\/wp-json\/wp\/v2\/types\/product"}],"replies":[{"embeddable":true,"href":"https:\/\/grupojaguel.com\/index.php\/wp-json\/wp\/v2\/comments?post=2370"}],"wp:featuredmedia":[{"embeddable":true,"href":"https:\/\/grupojaguel.com\/index.php\/wp-json\/wp\/v2\/media\/2384"}],"wp:attachment":[{"href":"https:\/\/grupojaguel.com\/index.php\/wp-json\/wp\/v2\/media?parent=2370"}],"wp:term":[{"taxonomy":"product_brand","embeddable":true,"href":"https:\/\/grupojaguel.com\/index.php\/wp-json\/wp\/v2\/product_brand?post=2370"},{"taxonomy":"product_cat","embeddable":true,"href":"https:\/\/grupojaguel.com\/index.php\/wp-json\/wp\/v2\/product_cat?post=2370"},{"taxonomy":"product_tag","embeddable":true,"href":"https:\/\/grupojaguel.com\/index.php\/wp-json\/wp\/v2\/product_tag?post=2370"}],"curies":[{"name":"wp","href":"https:\/\/api.w.org\/{rel}","templated":true}]}}