{"id":2360,"date":"2021-06-18T16:55:04","date_gmt":"2021-06-18T16:55:04","guid":{"rendered":"https:\/\/grupojaguel.com\/?post_type=product&#038;p=2360"},"modified":"2022-03-31T19:38:32","modified_gmt":"2022-03-31T19:38:32","slug":"terreno-en-venta-en-chichi-suarez-al-nororiente-de-merida-yucatan","status":"publish","type":"product","link":"https:\/\/grupojaguel.com\/index.php\/producto\/terreno-en-venta-en-chichi-suarez-al-nororiente-de-merida-yucatan\/","title":{"rendered":"Terreno en Venta en Chichi Suarez al Nororiente de M\u00e9rida Yucat\u00e1n"},"content":{"rendered":"<p><iframe loading=\"lazy\" title=\"Terreno en Venta 1 hectarea en Chichi Suarez en M\u00e9rida Yucat\u00e1n\" width=\"500\" height=\"281\" src=\"https:\/\/www.youtube.com\/embed\/5aACtmkNBJQ?feature=oembed\" frameborder=\"0\" allow=\"accelerometer; autoplay; clipboard-write; encrypted-media; gyroscope; picture-in-picture; web-share\" referrerpolicy=\"strict-origin-when-cross-origin\" allowfullscreen><\/iframe><\/p>\n","protected":false},"excerpt":{"rendered":"<p>[e2pdf-download id=\"1\"] [printfriendly]<\/p>\n<p>Terreno en venta en chichi suarez al nororiente de la ciudad de m\u00e9rida yucat\u00e1n a 3 minutos del perif\u00e9rico, zona con alta plusval\u00eda con un desarrollo de la zona muy acelerado.<\/p>\n<p>Desarrollos habitacionales que se encuentra cerca al terreno son privada residencial esmeralda, fraccionamiento los heroes, de igual forma el deportivo de futbol, quintas a espalda del terreno, cerca del centro de chichi suarez.<\/p>\n<p>El terreno consta de:<\/p>\n<p>Superficie: 10,673.30m2<\/p>\n<p>Medidas: frente 40.32m y fondo 266.87m<\/p>\n<p>Accesos: 905m del terreno a perfiferico<\/p>\n<p>450m del terreno a la avenida que lleva al fraccionamiento los heroes<\/p>\n<p>Precio: $562.50 el m2<\/p>\n","protected":false},"featured_media":2367,"comment_status":"open","ping_status":"closed","template":"","meta":[],"product_brand":[],"product_cat":[27,19,17],"product_tag":[29,30,127,38,109],"class_list":{"0":"post-2360","1":"product","2":"type-product","3":"status-publish","4":"has-post-thumbnail","6":"product_cat-terrventa","7":"product_cat-yucatan","8":"product_cat-yuc-venta","9":"product_tag-bienes-raices","10":"product_tag-inmobiliaria","11":"product_tag-terreno-al-oriente","12":"product_tag-terreno-en-venta","13":"product_tag-terreno-en-yucatan","14":"pa_operacion-vta","15":"pa_tipo-terreno","16":"pa_zona-nte","17":"pa_zona-ote","19":"first","20":"instock","21":"shipping-taxable","22":"purchasable","23":"product-type-simple"},"_links":{"self":[{"href":"https:\/\/grupojaguel.com\/index.php\/wp-json\/wp\/v2\/product\/2360","targetHints":{"allow":["GET"]}}],"collection":[{"href":"https:\/\/grupojaguel.com\/index.php\/wp-json\/wp\/v2\/product"}],"about":[{"href":"https:\/\/grupojaguel.com\/index.php\/wp-json\/wp\/v2\/types\/product"}],"replies":[{"embeddable":true,"href":"https:\/\/grupojaguel.com\/index.php\/wp-json\/wp\/v2\/comments?post=2360"}],"wp:featuredmedia":[{"embeddable":true,"href":"https:\/\/grupojaguel.com\/index.php\/wp-json\/wp\/v2\/media\/2367"}],"wp:attachment":[{"href":"https:\/\/grupojaguel.com\/index.php\/wp-json\/wp\/v2\/media?parent=2360"}],"wp:term":[{"taxonomy":"product_brand","embeddable":true,"href":"https:\/\/grupojaguel.com\/index.php\/wp-json\/wp\/v2\/product_brand?post=2360"},{"taxonomy":"product_cat","embeddable":true,"href":"https:\/\/grupojaguel.com\/index.php\/wp-json\/wp\/v2\/product_cat?post=2360"},{"taxonomy":"product_tag","embeddable":true,"href":"https:\/\/grupojaguel.com\/index.php\/wp-json\/wp\/v2\/product_tag?post=2360"}],"curies":[{"name":"wp","href":"https:\/\/api.w.org\/{rel}","templated":true}]}}