{"id":67,"date":"2021-02-25T15:53:17","date_gmt":"2021-02-25T15:53:17","guid":{"rendered":"http:\/\/grupojaguel.com\/?page_id=67"},"modified":"2021-03-23T00:59:14","modified_gmt":"2021-03-23T00:59:14","slug":"nosotros","status":"publish","type":"page","link":"https:\/\/grupojaguel.com\/index.php\/nosotros\/","title":{"rendered":"Nosotros"},"content":{"rendered":"\n\n\t\t\t\t<img loading=\"lazy\" decoding=\"async\" src=\"http:\/\/grupojaguel.com\/wp-content\/uploads\/2021\/02\/Acercate-a-nuestros-agentes-para-que-te-asesoren-2.png\" alt=\"Ac\u00e9rcate a nuestros agentes para que te asesoren-2\" itemprop=\"image\" height=\"300\" width=\"1000\" title=\"Ac\u00e9rcate a nuestros agentes para que te asesoren-2\" onerror=\"this.style.display='none'\"  \/>\n\t<h3>Nuestra Misi\u00f3n<\/h3>\n<h4>Ser la empresa de mayor prestigio y dominio, proveedora de una amplia gama de servicios inmobiliarios en la Pen\u00ednsula. Reconocida por su calidad, excelencia en el servicio, adem\u00e1s del compromiso de superar en el menor tiempo posible las expectativas de nuestros clientes.<\/h4>\n\t<h3>Nuestra Visi\u00f3n<\/h3>\n<h4>Ser la empresa m\u00e1s eficaz en el Desarrollo Inmobiliario a nivel peninsular. Deseamos posicionarnos como la principal opci\u00f3n inmobiliaria en base a la satisfacci\u00f3n de las necesidades espec\u00edficas de cada persona, familia o empresa, con el personal altamente calificado, con experiencia, confiabilidad y seriedad.<\/h4>\n\t\t\t\t<img loading=\"lazy\" decoding=\"async\" src=\"http:\/\/grupojaguel.com\/wp-content\/uploads\/2021\/02\/Diseno-sin-titulo-4.png\" alt=\"Dise\u00f1o sin t\u00edtulo-4\" itemprop=\"image\" height=\"50\" width=\"1000\" title=\"Dise\u00f1o sin t\u00edtulo-4\" onerror=\"this.style.display='none'\"  \/>\n\t<h3>Nuestros Valores<\/h3>\n\t<h4>RESPETO<\/h4>\n\t<h4>COMPROMISO<\/h4>\n\t<h4>HONESTIDAD<\/h4>\n\t<h4>COMUNICACI\u00d3N<\/h4>\n\t<h4>CONFIANZA<\/h4>\n\t<h4>INNOVACI\u00d3N<\/h4>\n\t<h4>LEALTAD<\/h4>\n\t<h4>INTEGRIDAD<\/h4>\n\t<h4>TRABAJO EN EQUIPO<\/h4>\n\n","protected":false},"excerpt":{"rendered":"<p>Nuestra Misi\u00f3n Ser la empresa de mayor prestigio y dominio, proveedora de una amplia gama de servicios inmobiliarios en la Pen\u00ednsula. Reconocida por su calidad, excelencia en el servicio, adem\u00e1s del compromiso de superar en el menor tiempo posible las expectativas de nuestros clientes. Nuestra Visi\u00f3n Ser la empresa m\u00e1s eficaz en el Desarrollo Inmobiliario [&hellip;]<\/p>\n","protected":false},"author":1,"featured_media":0,"parent":0,"menu_order":0,"comment_status":"closed","ping_status":"closed","template":"","meta":{"footnotes":""},"class_list":["post-67","page","type-page","status-publish","hentry"],"_links":{"self":[{"href":"https:\/\/grupojaguel.com\/index.php\/wp-json\/wp\/v2\/pages\/67","targetHints":{"allow":["GET"]}}],"collection":[{"href":"https:\/\/grupojaguel.com\/index.php\/wp-json\/wp\/v2\/pages"}],"about":[{"href":"https:\/\/grupojaguel.com\/index.php\/wp-json\/wp\/v2\/types\/page"}],"author":[{"embeddable":true,"href":"https:\/\/grupojaguel.com\/index.php\/wp-json\/wp\/v2\/users\/1"}],"replies":[{"embeddable":true,"href":"https:\/\/grupojaguel.com\/index.php\/wp-json\/wp\/v2\/comments?post=67"}],"version-history":[{"count":4,"href":"https:\/\/grupojaguel.com\/index.php\/wp-json\/wp\/v2\/pages\/67\/revisions"}],"predecessor-version":[{"id":804,"href":"https:\/\/grupojaguel.com\/index.php\/wp-json\/wp\/v2\/pages\/67\/revisions\/804"}],"wp:attachment":[{"href":"https:\/\/grupojaguel.com\/index.php\/wp-json\/wp\/v2\/media?parent=67"}],"curies":[{"name":"wp","href":"https:\/\/api.w.org\/{rel}","templated":true}]}}